{"id":504,"date":"2026-04-07T08:22:09","date_gmt":"2026-04-07T08:22:09","guid":{"rendered":"https:\/\/hitfm.ro\/imobiliare\/?post_type=rtcl_listing&#038;p=504"},"modified":"2026-04-27T07:00:37","modified_gmt":"2026-04-27T07:00:37","slug":"complex-turistic-de-vanzare-3-cabane-a-frame-moeciu-de-jos-culoarul-rucar-bran","status":"publish","type":"rtcl_listing","link":"https:\/\/hitfm.ro\/imobiliare\/rtcl_listing\/complex-turistic-de-vanzare-3-cabane-a-frame-moeciu-de-jos-culoarul-rucar-bran\/","title":{"rendered":"Complex turistic de v\u00e2nzare \u2013 3 cabane A-frame \u2013 Moeciu de Jos, Culoarul Ruc\u0103r-Bran"},"content":{"rendered":"<p>Se ofer\u0103 spre v\u00e2nzare complex format din trei cabane tip A-frame, situat \u00een comuna Moeciu de Jos, pe Culoarul Ruc\u0103r-Bran, \u00eentr-o zon\u0103 turistic\u0103 foarte c\u0103utat\u0103.<\/p>\n<p>Fiecare caban\u0103 are:<\/p>\n<p>suprafa\u021b\u0103 total\u0103: 88 mp<br \/>\nsuprafa\u021b\u0103 util\u0103: 72 mp<\/p>\n<p>Proprietatea este amplasat\u0103 pe un teren generos de 5000 mp, cu acces direct la DN73, oferind acces facil turi\u0219tilor \u0219i vizibilitate foarte bun\u0103.<\/p>\n<p>Utilit\u0103\u021bi<br \/>\ncurent electric trifazat<br \/>\nap\u0103<br \/>\nre\u021bea proprie de canalizare<br \/>\nAlte avantaje<br \/>\ncabanele se v\u00e2nd complet mobilate \u0219i utilate<br \/>\ndotate cu tot ce este necesar pentru operare<br \/>\nfunc\u021bioneaz\u0103 \u00een prezent \u00een regim hotelier, reprezent\u00e2nd o afacere la cheie<br \/>\nCondi\u021bii de plat\u0103<\/p>\n<p>Se poate accepta plata \u00een mai multe tran\u0219e, \u00een anumite condi\u021bii.<\/p>\n<p>\ud83d\udcde Pentru mai multe informa\u021bii: 0741586586<\/p>\n","protected":false},"author":2,"template":"","class_list":["post-504","rtcl_listing","type-rtcl_listing","status-publish","has-post-thumbnail","hentry","rtcl_category-case-si-vile","rtcl_location-imobiliare-brasov","listing-item","rtcl-listing-item"],"_links":{"self":[{"href":"https:\/\/hitfm.ro\/imobiliare\/wp-json\/wp\/v2\/rtcl_listing\/504","targetHints":{"allow":["GET"]}}],"collection":[{"href":"https:\/\/hitfm.ro\/imobiliare\/wp-json\/wp\/v2\/rtcl_listing"}],"about":[{"href":"https:\/\/hitfm.ro\/imobiliare\/wp-json\/wp\/v2\/types\/rtcl_listing"}],"author":[{"embeddable":true,"href":"https:\/\/hitfm.ro\/imobiliare\/wp-json\/wp\/v2\/users\/2"}],"wp:featuredmedia":[{"embeddable":true,"href":"https:\/\/hitfm.ro\/imobiliare\/wp-json\/wp\/v2\/media\/507"}],"wp:attachment":[{"href":"https:\/\/hitfm.ro\/imobiliare\/wp-json\/wp\/v2\/media?parent=504"}],"curies":[{"name":"wp","href":"https:\/\/api.w.org\/{rel}","templated":true}]}}

Complex turistic de vânzare – 3 cabane A-frame – Moeciu de Jos, Culoarul Rucăr-Bran

<p>Se oferă spre vânzare complex format din trei cabane tip A-frame, situat în comuna Moeciu de Jos, pe Culoarul Rucăr-Bran, într-o zonă turistică foarte căutată.</p>
<p>Fiecare cabană are:</p>
<p>suprafață totală: 88 mp<br />
suprafață utilă: 72 mp</p>
<p>Proprietatea este amplasată pe un teren generos de 5000 mp, cu acces direct la DN73, oferind acces facil turiștilor și vizibilitate foarte bună.</p>
<p>Utilități<br />
curent electric trifazat<br />
apă<br />
rețea proprie de canalizare<br />
Alte avantaje<br />
cabanele se vând complet mobilate și utilate<br />
dotate cu tot ce este necesar pentru operare<br />
funcționează în prezent în regim hotelier, reprezentând o afacere la cheie<br />
Condiții de plată</p>
<p>Se poate accepta plata în mai multe tranșe, în anumite condiții.</p>
<p>📞 Pentru mai multe informații: 0741586586</p>
