{"id":595,"date":"2026-04-14T12:55:15","date_gmt":"2026-04-14T12:55:15","guid":{"rendered":"https:\/\/hitfm.ro\/imobiliare\/?page_id=595"},"modified":"2026-04-14T12:55:16","modified_gmt":"2026-04-14T12:55:16","slug":"contact","status":"publish","type":"page","link":"https:\/\/hitfm.ro\/imobiliare\/contact\/","title":{"rendered":"CONTACT"},"content":{"rendered":"\n<h2 class=\"wp-block-heading\">Contact HIT FM Imobiliare<\/h2>\n\n\n\n<p>Pentru informa\u021bii suplimentare despre anun\u021burile imobiliare, colabor\u0103ri sau pentru a publica o ofert\u0103, echipa HIT FM Imobiliare \u00ee\u021bi st\u0103 la dispozi\u021bie \u0219i \u00ee\u021bi ofer\u0103 suport rapid \u0219i eficient.<\/p>\n\n\n\n<p>\ud83d\udce7 Email: <a>imobiliare@hitfm.ro<\/a><br>\ud83d\udcde Telefon: 0741 586 586<\/p>\n\n\n\n<p>\ud83c\udfe2 Sedii \u00een:<\/p>\n\n\n\n<ul class=\"wp-block-list\">\n<li>Sebe\u0219<\/li>\n\n\n\n<li>Alba Iulia<\/li>\n\n\n\n<li>Bra\u0219ov<\/li>\n<\/ul>\n\n\n\n<p>Pentru cele mai bune oferte imobiliare din jude\u021bul Alba, Bra\u0219ov \u0219i jude\u021bul V\u00e2lcea, contacteaz\u0103-ne cu \u00eencredere \u0219i g\u0103se\u0219te rapid proprietatea potrivit\u0103 nevoilor tale.<\/p>\n\n\n\n<p><\/p>\n","protected":false},"excerpt":{"rendered":"<p>Contact HIT FM Imobiliare Pentru informa\u021bii suplimentare despre anun\u021burile imobiliare, colabor\u0103ri sau pentru a publica o ofert\u0103, echipa HIT FM Imobiliare \u00ee\u021bi st\u0103 la dispozi\u021bie \u0219i \u00ee\u021bi ofer\u0103 suport rapid \u0219i eficient. \ud83d\udce7 Email: imobiliare@hitfm.ro\ud83d\udcde Telefon: 0741 586 586 \ud83c\udfe2 Sedii \u00een: Pentru cele mai bune oferte imobiliare din jude\u021bul Alba, Bra\u0219ov \u0219i jude\u021bul V\u00e2lcea,<\/p>\n","protected":false},"author":1,"featured_media":0,"parent":0,"menu_order":0,"comment_status":"closed","ping_status":"closed","template":"","meta":{"_rtcl_gb_attr":"","footnotes":""},"class_list":["post-595","page","type-page","status-publish","hentry"],"_links":{"self":[{"href":"https:\/\/hitfm.ro\/imobiliare\/wp-json\/wp\/v2\/pages\/595","targetHints":{"allow":["GET"]}}],"collection":[{"href":"https:\/\/hitfm.ro\/imobiliare\/wp-json\/wp\/v2\/pages"}],"about":[{"href":"https:\/\/hitfm.ro\/imobiliare\/wp-json\/wp\/v2\/types\/page"}],"author":[{"embeddable":true,"href":"https:\/\/hitfm.ro\/imobiliare\/wp-json\/wp\/v2\/users\/1"}],"replies":[{"embeddable":true,"href":"https:\/\/hitfm.ro\/imobiliare\/wp-json\/wp\/v2\/comments?post=595"}],"version-history":[{"count":1,"href":"https:\/\/hitfm.ro\/imobiliare\/wp-json\/wp\/v2\/pages\/595\/revisions"}],"predecessor-version":[{"id":596,"href":"https:\/\/hitfm.ro\/imobiliare\/wp-json\/wp\/v2\/pages\/595\/revisions\/596"}],"wp:attachment":[{"href":"https:\/\/hitfm.ro\/imobiliare\/wp-json\/wp\/v2\/media?parent=595"}],"curies":[{"name":"wp","href":"https:\/\/api.w.org\/{rel}","templated":true}]}}